{"id":96,"date":"2026-03-09T11:41:35","date_gmt":"2026-03-09T10:41:35","guid":{"rendered":"https:\/\/etudiant17.webuco.fr\/?page_id=96"},"modified":"2026-04-27T17:00:25","modified_gmt":"2026-04-27T15:00:25","slug":"yt-fr","status":"publish","type":"page","link":"https:\/\/etudiant17.webuco.fr\/index.php\/yt-fr\/","title":{"rendered":"Harry Potter \u00e0 l&#8217;\u00e9cole des sorciers"},"content":{"rendered":"\n<div>\n<h2 class=\"gb-text gb-text-8a0316f5\">Harry Potter \u00e0 l&#8217;\u00e9cole des sorciers<\/h2>\n<\/div>\n\n\n\n<div class=\"gb-element-e04bbf98\">\n<div>\n<img loading=\"lazy\" decoding=\"async\" width=\"1000\" height=\"1500\" class=\"gb-media-728da302\" alt=\"\" title=\"Film Harry Potter 1\" src=\"https:\/\/etudiant17.webuco.fr\/wp-content\/uploads\/2026\/03\/Film-Harry-Potter-1.jpg\" srcset=\"https:\/\/etudiant17.webuco.fr\/wp-content\/uploads\/2026\/03\/Film-Harry-Potter-1.jpg 1000w, https:\/\/etudiant17.webuco.fr\/wp-content\/uploads\/2026\/03\/Film-Harry-Potter-1-200x300.jpg 200w, https:\/\/etudiant17.webuco.fr\/wp-content\/uploads\/2026\/03\/Film-Harry-Potter-1-683x1024.jpg 683w, https:\/\/etudiant17.webuco.fr\/wp-content\/uploads\/2026\/03\/Film-Harry-Potter-1-768x1152.jpg 768w\" sizes=\"auto, (max-width: 1000px) 100vw, 1000px\" \/>\n\n\n\n<figure class=\"wp-block-embed is-type-video is-provider-youtube wp-block-embed-youtube wp-embed-aspect-16-9 wp-has-aspect-ratio\"><div class=\"wp-block-embed__wrapper\">\n<iframe loading=\"lazy\" title=\"HARRY POTTER (1) \u00c0 L&#039;\u00c9COLE DES SORCIERS Bande Annonce VF 2001 HD\" width=\"1200\" height=\"675\" src=\"https:\/\/www.youtube.com\/embed\/EEi2o-TLVpA?feature=oembed\" frameborder=\"0\" allow=\"accelerometer; autoplay; clipboard-write; encrypted-media; gyroscope; picture-in-picture; web-share\" referrerpolicy=\"strict-origin-when-cross-origin\" allowfullscreen><\/iframe>\n<\/div><\/figure>\n<\/div>\n\n\n\n<div>\n<div>\n<div>\n<h4 class=\"gb-text gb-text-53b8d947\">&#8211; 3 juillet \u00e0 21h00 &#8211;<\/h4>\n<\/div>\n\n\n\n<h6 class=\"gb-text\"><strong>Une aventure magique qui a marqu\u00e9 toute une g\u00e9n\u00e9ration<\/strong><\/h6>\n<\/div>\n\n\n\n<p>Entrez dans le monde enchant\u00e9 de Harry Potter and the Philosopher&#8217;s Stone et laissez-vous transporter dans l\u2019univers fascinant de Poudlard. Sorti en 2001, ce premier film de la c\u00e9l\u00e8bre saga a ouvert les portes d\u2019un monde rempli de myst\u00e8res, de cr\u00e9atures fantastiques et d\u2019amiti\u00e9s inoubliables.<br>Entre cours de magie, matchs de Quidditch et secrets cach\u00e9s dans les couloirs du ch\u00e2teau, cette aventure cin\u00e9matographique a \u00e9merveill\u00e9 des millions de spectateurs et est rapidement devenue un ph\u00e9nom\u00e8ne culturel mondial.<\/p>\n\n\n\n<h6 class=\"gb-text\"><strong>L\u2019histoire en quelques mots<\/strong><\/h6>\n\n\n\n<p class=\"gb-text\">Dans Harry Potter and the Philosopher\u2019s Stone, Harry d\u00e9couvre \u00e0 l\u2019\u00e2ge de 11 ans qu\u2019il est en r\u00e9alit\u00e9 un sorcier. Il est alors invit\u00e9 \u00e0 rejoindre l\u2019\u00e9cole de magie de Poudlard, o\u00f9 il se lie d\u2019amiti\u00e9 avec Ron et Hermione.<br>Mais derri\u00e8re les murs du ch\u00e2teau se cache un myst\u00e8re : une pierre aux pouvoirs extraordinaires semble \u00eatre convoit\u00e9e par une force malveillante. Ensemble, les trois amis vont tenter de percer ce secret et de prot\u00e9ger le monde des sorciers.<\/p>\n\n\n\n<h6 class=\"gb-text\"><strong>Pourquoi ce film au festival ?<\/strong><\/h6>\n\n\n\n<p class=\"gb-text\">Parce que Harry Potter and the Philosopher\u2019s Stone est l\u2019un des films les plus marquants du d\u00e9but des ann\u00e9es 2000.<br>Avec son univers magique, ses personnages embl\u00e9matiques et son imaginaire unique, il a marqu\u00e9 toute une g\u00e9n\u00e9ration et continue encore aujourd\u2019hui de fasciner les spectateurs.<\/p>\n\n\n\n<p><br><\/p>\n<\/div>\n<\/div>\n","protected":false},"excerpt":{"rendered":"<p>Harry Potter \u00e0 l&#8217;\u00e9cole des sorciers &#8211; 3 juillet \u00e0 21h00 &#8211; Une aventure magique qui a marqu\u00e9 toute une g\u00e9n\u00e9ration Entrez dans le monde enchant\u00e9 de Harry Potter and the Philosopher&#8217;s Stone et laissez-vous transporter dans l\u2019univers fascinant de Poudlard. Sorti en 2001, ce premier film de la c\u00e9l\u00e8bre saga a ouvert les portes &#8230; <a title=\"Harry Potter \u00e0 l&#8217;\u00e9cole des sorciers\" class=\"read-more\" href=\"https:\/\/etudiant17.webuco.fr\/index.php\/yt-fr\/\" aria-label=\"Read more about Harry Potter \u00e0 l&#8217;\u00e9cole des sorciers\">Read more<\/a><\/p>\n","protected":false},"author":1,"featured_media":0,"parent":0,"menu_order":0,"comment_status":"closed","ping_status":"closed","template":"","meta":{"footnotes":""},"class_list":["post-96","page","type-page","status-publish"],"_links":{"self":[{"href":"https:\/\/etudiant17.webuco.fr\/index.php\/wp-json\/wp\/v2\/pages\/96","targetHints":{"allow":["GET"]}}],"collection":[{"href":"https:\/\/etudiant17.webuco.fr\/index.php\/wp-json\/wp\/v2\/pages"}],"about":[{"href":"https:\/\/etudiant17.webuco.fr\/index.php\/wp-json\/wp\/v2\/types\/page"}],"author":[{"embeddable":true,"href":"https:\/\/etudiant17.webuco.fr\/index.php\/wp-json\/wp\/v2\/users\/1"}],"replies":[{"embeddable":true,"href":"https:\/\/etudiant17.webuco.fr\/index.php\/wp-json\/wp\/v2\/comments?post=96"}],"version-history":[{"count":16,"href":"https:\/\/etudiant17.webuco.fr\/index.php\/wp-json\/wp\/v2\/pages\/96\/revisions"}],"predecessor-version":[{"id":453,"href":"https:\/\/etudiant17.webuco.fr\/index.php\/wp-json\/wp\/v2\/pages\/96\/revisions\/453"}],"wp:attachment":[{"href":"https:\/\/etudiant17.webuco.fr\/index.php\/wp-json\/wp\/v2\/media?parent=96"}],"curies":[{"name":"wp","href":"https:\/\/api.w.org\/{rel}","templated":true}]}}

Harry Potter à l&#8217;école des sorciers

<div>
<h2 class="gb-text gb-text-8a0316f5">Harry Potter à l&#8217;école des sorciers</h2>
</div>



<div class="gb-element-e04bbf98">
<div>
<img loading="lazy" decoding="async" width="1000" height="1500" class="gb-media-728da302" alt="" title="Film Harry Potter 1" src="https://etudiant17.webuco.fr/wp-content/uploads/2026/03/Film-Harry-Potter-1.jpg" srcset="https://etudiant17.webuco.fr/wp-content/uploads/2026/03/Film-Harry-Potter-1.jpg 1000w, https://etudiant17.webuco.fr/wp-content/uploads/2026/03/Film-Harry-Potter-1-200x300.jpg 200w, https://etudiant17.webuco.fr/wp-content/uploads/2026/03/Film-Harry-Potter-1-683x1024.jpg 683w, https://etudiant17.webuco.fr/wp-content/uploads/2026/03/Film-Harry-Potter-1-768x1152.jpg 768w" sizes="auto, (max-width: 1000px) 100vw, 1000px" />



<figure class="wp-block-embed is-type-video is-provider-youtube wp-block-embed-youtube wp-embed-aspect-16-9 wp-has-aspect-ratio"><div class="wp-block-embed__wrapper">
<iframe loading="lazy" title="HARRY POTTER (1) À L&#039;ÉCOLE DES SORCIERS Bande Annonce VF 2001 HD" width="1200" height="675" src="https://www.youtube.com/embed/EEi2o-TLVpA?feature=oembed" frameborder="0" allow="accelerometer; autoplay; clipboard-write; encrypted-media; gyroscope; picture-in-picture; web-share" referrerpolicy="strict-origin-when-cross-origin" allowfullscreen></iframe>
</div></figure>
</div>



<div>
<div>
<div>
<h4 class="gb-text gb-text-53b8d947">&#8211; 3 juillet à 21h00 &#8211;</h4>
</div>



<h6 class="gb-text"><strong>Une aventure magique qui a marqué toute une génération</strong></h6>
</div>



<p>Entrez dans le monde enchanté de Harry Potter and the Philosopher&#8217;s Stone et laissez-vous transporter dans l’univers fascinant de Poudlard. Sorti en 2001, ce premier film de la célèbre saga a ouvert les portes d’un monde rempli de mystères, de créatures fantastiques et d’amitiés inoubliables.<br>Entre cours de magie, matchs de Quidditch et secrets cachés dans les couloirs du château, cette aventure cinématographique a émerveillé des millions de spectateurs et est rapidement devenue un phénomène culturel mondial.</p>



<h6 class="gb-text"><strong>L’histoire en quelques mots</strong></h6>



<p class="gb-text">Dans Harry Potter and the Philosopher’s Stone, Harry découvre à l’âge de 11 ans qu’il est en réalité un sorcier. Il est alors invité à rejoindre l’école de magie de Poudlard, où il se lie d’amitié avec Ron et Hermione.<br>Mais derrière les murs du château se cache un mystère : une pierre aux pouvoirs extraordinaires semble être convoitée par une force malveillante. Ensemble, les trois amis vont tenter de percer ce secret et de protéger le monde des sorciers.</p>



<h6 class="gb-text"><strong>Pourquoi ce film au festival ?</strong></h6>



<p class="gb-text">Parce que Harry Potter and the Philosopher’s Stone est l’un des films les plus marquants du début des années 2000.<br>Avec son univers magique, ses personnages emblématiques et son imaginaire unique, il a marqué toute une génération et continue encore aujourd’hui de fasciner les spectateurs.</p>



<p><br></p>
</div>
</div>

<p>Harry Potter à l&#8217;école des sorciers &#8211; 3 juillet à 21h00 &#8211; Une aventure magique qui a marqué toute une génération Entrez dans le monde enchanté de Harry Potter and the Philosopher&#8217;s Stone et laissez-vous transporter dans l’univers fascinant de Poudlard. Sorti en 2001, ce premier film de la célèbre saga a ouvert les portes &#8230; <a title="Harry Potter à l&#8217;école des sorciers" class="read-more" href="https://etudiant17.webuco.fr/index.php/yt-fr/" aria-label="Read more about Harry Potter à l&#8217;école des sorciers">Read more</a></p>
