{"id":88,"date":"2026-03-09T10:23:54","date_gmt":"2026-03-09T09:23:54","guid":{"rendered":"https:\/\/etudiant17.webuco.fr\/?page_id=88"},"modified":"2026-04-27T16:04:56","modified_gmt":"2026-04-27T14:04:56","slug":"mean-girls","status":"publish","type":"page","link":"https:\/\/etudiant17.webuco.fr\/index.php\/mean-girls\/","title":{"rendered":"Means Girl &#8211; Lolita malgr\u00e9 moi"},"content":{"rendered":"\n<div>\n<h2 class=\"gb-text gb-text-8c87d125\">        Means Girl &#8211; Lolita malgr\u00e9 moi<\/h2>\n<\/div>\n\n\n\n<div>\n<div class=\"gb-element-df3bc3ae\">\n<div>\n<img loading=\"lazy\" decoding=\"async\" width=\"1707\" height=\"2560\" class=\"gb-media-1156fda2\" alt=\"\" title=\"2ZkuQXvVhh45uSvkBej4S7Ix1NJ\" src=\"https:\/\/etudiant17.webuco.fr\/wp-content\/uploads\/2026\/03\/2ZkuQXvVhh45uSvkBej4S7Ix1NJ-scaled.png\" srcset=\"https:\/\/etudiant17.webuco.fr\/wp-content\/uploads\/2026\/03\/2ZkuQXvVhh45uSvkBej4S7Ix1NJ-scaled.png 1707w, https:\/\/etudiant17.webuco.fr\/wp-content\/uploads\/2026\/03\/2ZkuQXvVhh45uSvkBej4S7Ix1NJ-200x300.png 200w, https:\/\/etudiant17.webuco.fr\/wp-content\/uploads\/2026\/03\/2ZkuQXvVhh45uSvkBej4S7Ix1NJ-683x1024.png 683w, https:\/\/etudiant17.webuco.fr\/wp-content\/uploads\/2026\/03\/2ZkuQXvVhh45uSvkBej4S7Ix1NJ-768x1152.png 768w, https:\/\/etudiant17.webuco.fr\/wp-content\/uploads\/2026\/03\/2ZkuQXvVhh45uSvkBej4S7Ix1NJ-1024x1536.png 1024w, https:\/\/etudiant17.webuco.fr\/wp-content\/uploads\/2026\/03\/2ZkuQXvVhh45uSvkBej4S7Ix1NJ-1365x2048.png 1365w\" sizes=\"auto, (max-width: 1707px) 100vw, 1707px\" \/>\n\n\n\n<figure class=\"wp-block-embed aligncenter is-type-video is-provider-youtube wp-block-embed-youtube wp-embed-aspect-16-9 wp-has-aspect-ratio\"><div class=\"wp-block-embed__wrapper\">\n<iframe loading=\"lazy\" title=\"MEAN GIRLS : LOLITA MALGR\u00c9 MOI Bande Annonce VF (2024) \u1d34\u1d30\" width=\"1200\" height=\"675\" src=\"https:\/\/www.youtube.com\/embed\/_Kj-PmlyM6A?feature=oembed\" frameborder=\"0\" allow=\"accelerometer; autoplay; clipboard-write; encrypted-media; gyroscope; picture-in-picture; web-share\" referrerpolicy=\"strict-origin-when-cross-origin\" allowfullscreen><\/iframe>\n<\/div><\/figure>\n<\/div>\n\n\n\n<div>\n<div>\n<div>\n<h4 class=\"gb-text\">&#8211; 3 juillet \u00e0 18h &#8211;<\/h4>\n<\/div>\n\n\n\n<h6 class=\"gb-text\">Le film qui a rendu le lyc\u00e9e\u2026 mythique<\/h6>\n<\/div>\n\n\n\n<div>\n<p class=\"gb-text\">Avec Mean Girls, plongez dans l\u2019univers aussi dr\u00f4le qu\u2019impitoyable des lyc\u00e9es am\u00e9ricains des ann\u00e9es 2000. Entre popularit\u00e9, clans et rivalit\u00e9s l\u00e9gendaires, ce film devenu culte transforme le quotidien adolescent en v\u00e9ritable terrain de strat\u00e9gie sociale.<br>R\u00e9pliques cultes, personnages iconiques et humour mordant : chaque sc\u00e8ne rappelle pourquoi ce film est rest\u00e9 l\u2019un des symboles de la pop culture de toute une g\u00e9n\u00e9ration.<\/p>\n<\/div>\n\n\n\n<div>\n<h6 class=\"gb-text\">L\u2019histoire en quelques mots<\/h6>\n<\/div>\n\n\n\n<div>\n<p class=\"gb-text\">Nouvelle \u00e9l\u00e8ve dans un lyc\u00e9e am\u00e9ricain, Cady Heron d\u00e9couvre rapidement que l\u2019\u00e9tablissement est organis\u00e9 autour de groupes bien d\u00e9finis. En infiltrant le clan des filles les plus populaires \u2014 les fameuses \u201cPlastics\u201d \u2014 elle se retrouve plong\u00e9e dans un jeu de manipulations et de rivalit\u00e9s inattendues.<br>Mais plus elle s\u2019int\u00e8gre \u00e0 ce monde, plus la fronti\u00e8re entre strat\u00e9gie et amiti\u00e9 devient floue. Pourquoi ce film au festival ?<\/p>\n\n\n\n<div>\n<h6 class=\"gb-text\">Pourquoi ce film au festival ?<\/h6>\n<\/div>\n<\/div>\n\n\n\n<div>\n<p class=\"gb-text\">Parce que Mean Girls est bien plus qu\u2019une simple com\u00e9die : c\u2019est une ic\u00f4ne de la culture des ann\u00e9es 2000.<br>Mode Y2K, humour piquant et sc\u00e8nes devenues virales avant m\u00eame l\u2019\u00e8re des r\u00e9seaux sociaux\u2026 ce film repr\u00e9sente parfaitement l\u2019esprit pop et d\u00e9cal\u00e9 de la d\u00e9cennie que c\u00e9l\u00e8bre Back to the 2000s.<br>Un moment dr\u00f4le et nostalgique pour lancer la premi\u00e8re journ\u00e9e du festival.<\/p>\n<\/div>\n<\/div>\n<\/div>\n<\/div>\n\n\n\n<p><\/p>\n","protected":false},"excerpt":{"rendered":"<p>Means Girl &#8211; Lolita malgr\u00e9 moi &#8211; 3 juillet \u00e0 18h &#8211; Le film qui a rendu le lyc\u00e9e\u2026 mythique Avec Mean Girls, plongez dans l\u2019univers aussi dr\u00f4le qu\u2019impitoyable des lyc\u00e9es am\u00e9ricains des ann\u00e9es 2000. Entre popularit\u00e9, clans et rivalit\u00e9s l\u00e9gendaires, ce film devenu culte transforme le quotidien adolescent en v\u00e9ritable terrain de strat\u00e9gie sociale.R\u00e9pliques &#8230; <a title=\"Means Girl &#8211; Lolita malgr\u00e9 moi\" class=\"read-more\" href=\"https:\/\/etudiant17.webuco.fr\/index.php\/mean-girls\/\" aria-label=\"Read more about Means Girl &#8211; Lolita malgr\u00e9 moi\">Read more<\/a><\/p>\n","protected":false},"author":1,"featured_media":0,"parent":0,"menu_order":0,"comment_status":"closed","ping_status":"closed","template":"","meta":{"footnotes":""},"class_list":["post-88","page","type-page","status-publish"],"_links":{"self":[{"href":"https:\/\/etudiant17.webuco.fr\/index.php\/wp-json\/wp\/v2\/pages\/88","targetHints":{"allow":["GET"]}}],"collection":[{"href":"https:\/\/etudiant17.webuco.fr\/index.php\/wp-json\/wp\/v2\/pages"}],"about":[{"href":"https:\/\/etudiant17.webuco.fr\/index.php\/wp-json\/wp\/v2\/types\/page"}],"author":[{"embeddable":true,"href":"https:\/\/etudiant17.webuco.fr\/index.php\/wp-json\/wp\/v2\/users\/1"}],"replies":[{"embeddable":true,"href":"https:\/\/etudiant17.webuco.fr\/index.php\/wp-json\/wp\/v2\/comments?post=88"}],"version-history":[{"count":31,"href":"https:\/\/etudiant17.webuco.fr\/index.php\/wp-json\/wp\/v2\/pages\/88\/revisions"}],"predecessor-version":[{"id":446,"href":"https:\/\/etudiant17.webuco.fr\/index.php\/wp-json\/wp\/v2\/pages\/88\/revisions\/446"}],"wp:attachment":[{"href":"https:\/\/etudiant17.webuco.fr\/index.php\/wp-json\/wp\/v2\/media?parent=88"}],"curies":[{"name":"wp","href":"https:\/\/api.w.org\/{rel}","templated":true}]}}