{"id":137,"date":"2026-03-09T15:13:23","date_gmt":"2026-03-09T14:13:23","guid":{"rendered":"https:\/\/etudiant17.webuco.fr\/?page_id=137"},"modified":"2026-04-27T15:18:40","modified_gmt":"2026-04-27T13:18:40","slug":"twilight","status":"publish","type":"page","link":"https:\/\/etudiant17.webuco.fr\/index.php\/twilight\/","title":{"rendered":"Twilight"},"content":{"rendered":"\n<div>\n<div>\n<h2 class=\"gb-text gb-text-c871b545\">Twilight<\/h2>\n<\/div>\n<\/div>\n\n\n\n<div>\n<div class=\"gb-element-a956202e\">\n<div>\n<div><div class=\"wp-block-image\">\n<figure class=\"aligncenter size-large is-resized\"><img loading=\"lazy\" decoding=\"async\" width=\"683\" height=\"1024\" src=\"https:\/\/etudiant17.webuco.fr\/wp-content\/uploads\/2026\/03\/Film-Twilight-1-683x1024.jpg\" alt=\"\" class=\"wp-image-109\" style=\"width:381px\" srcset=\"https:\/\/etudiant17.webuco.fr\/wp-content\/uploads\/2026\/03\/Film-Twilight-1-683x1024.jpg 683w, https:\/\/etudiant17.webuco.fr\/wp-content\/uploads\/2026\/03\/Film-Twilight-1-200x300.jpg 200w, https:\/\/etudiant17.webuco.fr\/wp-content\/uploads\/2026\/03\/Film-Twilight-1-768x1152.jpg 768w, https:\/\/etudiant17.webuco.fr\/wp-content\/uploads\/2026\/03\/Film-Twilight-1-1024x1536.jpg 1024w, https:\/\/etudiant17.webuco.fr\/wp-content\/uploads\/2026\/03\/Film-Twilight-1-1365x2048.jpg 1365w, https:\/\/etudiant17.webuco.fr\/wp-content\/uploads\/2026\/03\/Film-Twilight-1-scaled.jpg 1707w\" sizes=\"auto, (max-width: 683px) 100vw, 683px\" \/><\/figure>\n<\/div><\/div>\n\n\n\n<div>\n<figure class=\"wp-block-embed is-type-video is-provider-youtube wp-block-embed-youtube wp-embed-aspect-16-9 wp-has-aspect-ratio\"><div class=\"wp-block-embed__wrapper\">\n<iframe loading=\"lazy\" title=\"TWILIGHT - CHAPITRE 1 : FASCINATION Bande annonce VF\" width=\"1200\" height=\"675\" src=\"https:\/\/www.youtube.com\/embed\/xzO_Iiwt4b4?feature=oembed\" frameborder=\"0\" allow=\"accelerometer; autoplay; clipboard-write; encrypted-media; gyroscope; picture-in-picture; web-share\" referrerpolicy=\"strict-origin-when-cross-origin\" allowfullscreen><\/iframe>\n<\/div><\/figure>\n<\/div>\n<\/div>\n\n\n\n<div>\n<div>\n<div>\n<h4 class=\"gb-text gb-text-0a473e70\">&#8211; 5 juillet \u00e0 21h00 &#8211;<\/h4>\n<\/div>\n\n\n\n<h6 class=\"gb-text\"><strong>Une romance fantastique qui a marqu\u00e9 toute une g\u00e9n\u00e9ration<\/strong><\/h6>\n<\/div>\n\n\n\n<div>\n<p class=\"gb-text\">Plongez dans l\u2019univers envo\u00fbtant de Twilight et laissez-vous emporter par cette histoire d\u2019amour hors du commun. Sorti en 2008, ce film est devenu un v\u00e9ritable ph\u00e9nom\u00e8ne mondial, m\u00ealant romance, myst\u00e8re et surnaturel.<br>Entre passion intense, secrets et dangers,&nbsp;<em>Twilight<\/em>&nbsp;a captiv\u00e9 des millions de spectateurs et marqu\u00e9 durablement la culture des ann\u00e9es 2000.<\/p>\n\n\n\n<div>\n<h6 class=\"gb-text\">L\u2019histoire en quelques mots<\/h6>\n\n\n\n<div>\n<p class=\"gb-text\">Le film suit Bella Swan, une adolescente qui s\u2019installe dans une petite ville pluvieuse et myst\u00e9rieuse. Elle y rencontre Edward Cullen, un gar\u00e7on aussi fascinant qu\u2019\u00e9nigmatique.<br>Tr\u00e8s vite, Bella d\u00e9couvre le secret d\u2019Edward : il est un vampire. Malgr\u00e9 les dangers que cela implique, une relation intense na\u00eet entre eux, d\u00e9fiant les r\u00e8gles et les fronti\u00e8res entre humains et cr\u00e9atures surnaturelles.<br>Mais leur amour attire aussi des menaces, mettant leur vie en p\u00e9ril.<\/p>\n<\/div>\n<\/div>\n<\/div>\n\n\n\n<div>\n<h6 class=\"gb-text\">Pourquoi ce film au festival ?<\/h6>\n<\/div>\n\n\n\n<div>\n<p class=\"gb-text\">Parce que&nbsp;<em>Twilight<\/em>&nbsp;est l\u2019un des plus grands ph\u00e9nom\u00e8nes culturels des ann\u00e9es 2000. Avec son ambiance unique, ses personnages iconiques et sa romance inoubliable, il a marqu\u00e9 toute une g\u00e9n\u00e9ration de fans et continue de fasciner aujourd\u2019hui. Projet\u00e9 lors du festival&nbsp;<em>Back to the 2000s<\/em>, ce film promet un moment d\u2019\u00e9motion, de nostalgie et de frissons Un rendez-vous incontournable pour tous les amateurs de romance et de fantastique !<\/p>\n<\/div>\n<\/div>\n<\/div>\n<\/div>\n","protected":false},"excerpt":{"rendered":"<p>Twilight &#8211; 5 juillet \u00e0 21h00 &#8211; Une romance fantastique qui a marqu\u00e9 toute une g\u00e9n\u00e9ration Plongez dans l\u2019univers envo\u00fbtant de Twilight et laissez-vous emporter par cette histoire d\u2019amour hors du commun. Sorti en 2008, ce film est devenu un v\u00e9ritable ph\u00e9nom\u00e8ne mondial, m\u00ealant romance, myst\u00e8re et surnaturel.Entre passion intense, secrets et dangers,&nbsp;Twilight&nbsp;a captiv\u00e9 des &#8230; <a title=\"Twilight\" class=\"read-more\" href=\"https:\/\/etudiant17.webuco.fr\/index.php\/twilight\/\" aria-label=\"Read more about Twilight\">Read more<\/a><\/p>\n","protected":false},"author":1,"featured_media":0,"parent":0,"menu_order":0,"comment_status":"closed","ping_status":"closed","template":"","meta":{"footnotes":""},"class_list":["post-137","page","type-page","status-publish"],"_links":{"self":[{"href":"https:\/\/etudiant17.webuco.fr\/index.php\/wp-json\/wp\/v2\/pages\/137","targetHints":{"allow":["GET"]}}],"collection":[{"href":"https:\/\/etudiant17.webuco.fr\/index.php\/wp-json\/wp\/v2\/pages"}],"about":[{"href":"https:\/\/etudiant17.webuco.fr\/index.php\/wp-json\/wp\/v2\/types\/page"}],"author":[{"embeddable":true,"href":"https:\/\/etudiant17.webuco.fr\/index.php\/wp-json\/wp\/v2\/users\/1"}],"replies":[{"embeddable":true,"href":"https:\/\/etudiant17.webuco.fr\/index.php\/wp-json\/wp\/v2\/comments?post=137"}],"version-history":[{"count":5,"href":"https:\/\/etudiant17.webuco.fr\/index.php\/wp-json\/wp\/v2\/pages\/137\/revisions"}],"predecessor-version":[{"id":420,"href":"https:\/\/etudiant17.webuco.fr\/index.php\/wp-json\/wp\/v2\/pages\/137\/revisions\/420"}],"wp:attachment":[{"href":"https:\/\/etudiant17.webuco.fr\/index.php\/wp-json\/wp\/v2\/media?parent=137"}],"curies":[{"name":"wp","href":"https:\/\/api.w.org\/{rel}","templated":true}]}}