{"id":134,"date":"2026-03-09T15:12:41","date_gmt":"2026-03-09T14:12:41","guid":{"rendered":"https:\/\/etudiant17.webuco.fr\/?page_id=134"},"modified":"2026-04-27T15:17:51","modified_gmt":"2026-04-27T13:17:51","slug":"devil-wears-prada","status":"publish","type":"page","link":"https:\/\/etudiant17.webuco.fr\/index.php\/devil-wears-prada\/","title":{"rendered":"Devil Wears Prada"},"content":{"rendered":"\n<div>\n<h2 class=\"gb-text gb-text-5af820fa\">Devil Wears Prada<\/h2>\n<\/div>\n\n\n\n<div>\n<div>\n<div class=\"gb-element-32139d54\">\n<div>\n<div>\n<div><div class=\"wp-block-image\">\n<figure class=\"aligncenter size-large is-resized\"><img loading=\"lazy\" decoding=\"async\" width=\"683\" height=\"1024\" src=\"https:\/\/etudiant17.webuco.fr\/wp-content\/uploads\/2026\/03\/devil-683x1024.jpg\" alt=\"\" class=\"wp-image-213\" style=\"width:381px\" srcset=\"https:\/\/etudiant17.webuco.fr\/wp-content\/uploads\/2026\/03\/devil-683x1024.jpg 683w, https:\/\/etudiant17.webuco.fr\/wp-content\/uploads\/2026\/03\/devil-200x300.jpg 200w, https:\/\/etudiant17.webuco.fr\/wp-content\/uploads\/2026\/03\/devil-768x1152.jpg 768w, https:\/\/etudiant17.webuco.fr\/wp-content\/uploads\/2026\/03\/devil-1024x1536.jpg 1024w, https:\/\/etudiant17.webuco.fr\/wp-content\/uploads\/2026\/03\/devil-1365x2048.jpg 1365w, https:\/\/etudiant17.webuco.fr\/wp-content\/uploads\/2026\/03\/devil-scaled.jpg 1707w\" sizes=\"auto, (max-width: 683px) 100vw, 683px\" \/><\/figure>\n<\/div><\/div>\n<\/div>\n\n\n\n<div>\n<figure class=\"wp-block-embed is-type-video is-provider-youtube wp-block-embed-youtube wp-embed-aspect-4-3 wp-has-aspect-ratio\"><div class=\"wp-block-embed__wrapper\">\n<iframe loading=\"lazy\" title=\"Le Diable s&#039;habille en Prada - La Bande Annonce VF\" width=\"1200\" height=\"900\" src=\"https:\/\/www.youtube.com\/embed\/SkXERnN-vzw?feature=oembed\" frameborder=\"0\" allow=\"accelerometer; autoplay; clipboard-write; encrypted-media; gyroscope; picture-in-picture; web-share\" referrerpolicy=\"strict-origin-when-cross-origin\" allowfullscreen><\/iframe>\n<\/div><\/figure>\n<\/div>\n<\/div>\n\n\n\n<div>\n<div>\n<div>\n<h4 class=\"gb-text gb-text-e3172eba\">&#8211; 5 juillet \u00e0 18h00 &#8211; <\/h4>\n<\/div>\n\n\n\n<h6 class=\"gb-text\"><strong>Un film culte au c\u0153ur du monde de la mode<\/strong><\/h6>\n<\/div>\n\n\n\n<div>\n<p class=\"gb-text\">Plongez dans l\u2019univers glamour et exigeant de The Devil Wears Prada et d\u00e9couvrez les coulisses fascinantes de l\u2019industrie de la mode. Sorti en 2006, ce film est rapidement devenu une r\u00e9f\u00e9rence incontournable, m\u00ealant \u00e9l\u00e9gance, humour et critique du milieu professionnel.<br>Entre d\u00e9fil\u00e9s, exigences extr\u00eames et ambition d\u00e9bordante, cette \u0153uvre iconique offre un regard captivant sur un univers aussi s\u00e9duisant qu\u2019impitoyable.<\/p>\n\n\n\n<div>\n<h6 class=\"gb-text\">L\u2019histoire en quelques mots<\/h6>\n\n\n\n<div>\n<p class=\"gb-text\">Le film suit Andy Sachs, une jeune journaliste qui d\u00e9croche un poste d\u2019assistante aupr\u00e8s de la redoutable r\u00e9dactrice en chef Miranda Priestly. Plong\u00e9e dans un monde qu\u2019elle ne conna\u00eet pas, Andy doit s\u2019adapter \u00e0 un rythme intense et \u00e0 des attentes d\u00e9mesur\u00e9es. Entre pression professionnelle et qu\u00eate d\u2019identit\u00e9, elle va peu \u00e0 peu \u00e9voluer et remettre en question ses priorit\u00e9s.<br>Une immersion passionnante dans les coulisses d\u2019un magazine de mode de renom.<\/p>\n\n\n\n<div>\n<h6 class=\"gb-text\">&nbsp;Pourquoi ce film au festival ?<\/h6>\n\n\n\n<div>\n<p class=\"gb-text\">Parce que&nbsp;<em>The Devil Wears Prada<\/em>&nbsp;est bien plus qu\u2019un film sur la mode : c\u2019est une \u0153uvre g\u00e9n\u00e9rationnelle.<br>Avec ses r\u00e9pliques cultes, ses personnages marquants et son esth\u00e9tique soign\u00e9e, il a profond\u00e9ment marqu\u00e9 les ann\u00e9es 2000 et continue d\u2019inspirer aujourd\u2019hui. Projet\u00e9 lors du festival&nbsp;<em>Back to the 2000s<\/em>, ce film promet un moment de plaisir, de style et de nostalgie. Un incontournable pour tous les amateurs de mode et de cin\u00e9ma !<\/p>\n<\/div>\n<\/div>\n<\/div>\n<\/div>\n<\/div>\n<\/div>\n<\/div>\n<\/div>\n<\/div>\n","protected":false},"excerpt":{"rendered":"<p>Devil Wears Prada &#8211; 5 juillet \u00e0 18h00 &#8211; Un film culte au c\u0153ur du monde de la mode Plongez dans l\u2019univers glamour et exigeant de The Devil Wears Prada et d\u00e9couvrez les coulisses fascinantes de l\u2019industrie de la mode. Sorti en 2006, ce film est rapidement devenu une r\u00e9f\u00e9rence incontournable, m\u00ealant \u00e9l\u00e9gance, humour et &#8230; <a title=\"Devil Wears Prada\" class=\"read-more\" href=\"https:\/\/etudiant17.webuco.fr\/index.php\/devil-wears-prada\/\" aria-label=\"Read more about Devil Wears Prada\">Read more<\/a><\/p>\n","protected":false},"author":1,"featured_media":0,"parent":0,"menu_order":0,"comment_status":"closed","ping_status":"closed","template":"","meta":{"footnotes":""},"class_list":["post-134","page","type-page","status-publish"],"_links":{"self":[{"href":"https:\/\/etudiant17.webuco.fr\/index.php\/wp-json\/wp\/v2\/pages\/134","targetHints":{"allow":["GET"]}}],"collection":[{"href":"https:\/\/etudiant17.webuco.fr\/index.php\/wp-json\/wp\/v2\/pages"}],"about":[{"href":"https:\/\/etudiant17.webuco.fr\/index.php\/wp-json\/wp\/v2\/types\/page"}],"author":[{"embeddable":true,"href":"https:\/\/etudiant17.webuco.fr\/index.php\/wp-json\/wp\/v2\/users\/1"}],"replies":[{"embeddable":true,"href":"https:\/\/etudiant17.webuco.fr\/index.php\/wp-json\/wp\/v2\/comments?post=134"}],"version-history":[{"count":5,"href":"https:\/\/etudiant17.webuco.fr\/index.php\/wp-json\/wp\/v2\/pages\/134\/revisions"}],"predecessor-version":[{"id":419,"href":"https:\/\/etudiant17.webuco.fr\/index.php\/wp-json\/wp\/v2\/pages\/134\/revisions\/419"}],"wp:attachment":[{"href":"https:\/\/etudiant17.webuco.fr\/index.php\/wp-json\/wp\/v2\/media?parent=134"}],"curies":[{"name":"wp","href":"https:\/\/api.w.org\/{rel}","templated":true}]}}

<div>
<h2 class="gb-text gb-text-5af820fa">Devil Wears Prada</h2>
</div>



<div>
<div>
<div class="gb-element-32139d54">
<div>
<div>
<div><div class="wp-block-image">
<figure class="aligncenter size-large is-resized"><img loading="lazy" decoding="async" width="683" height="1024" src="https://etudiant17.webuco.fr/wp-content/uploads/2026/03/devil-683x1024.jpg" alt="" class="wp-image-213" style="width:381px" srcset="https://etudiant17.webuco.fr/wp-content/uploads/2026/03/devil-683x1024.jpg 683w, https://etudiant17.webuco.fr/wp-content/uploads/2026/03/devil-200x300.jpg 200w, https://etudiant17.webuco.fr/wp-content/uploads/2026/03/devil-768x1152.jpg 768w, https://etudiant17.webuco.fr/wp-content/uploads/2026/03/devil-1024x1536.jpg 1024w, https://etudiant17.webuco.fr/wp-content/uploads/2026/03/devil-1365x2048.jpg 1365w, https://etudiant17.webuco.fr/wp-content/uploads/2026/03/devil-scaled.jpg 1707w" sizes="auto, (max-width: 683px) 100vw, 683px" /></figure>
</div></div>
</div>



<div>
<figure class="wp-block-embed is-type-video is-provider-youtube wp-block-embed-youtube wp-embed-aspect-4-3 wp-has-aspect-ratio"><div class="wp-block-embed__wrapper">
<iframe loading="lazy" title="Le Diable s&#039;habille en Prada - La Bande Annonce VF" width="1200" height="900" src="https://www.youtube.com/embed/SkXERnN-vzw?feature=oembed" frameborder="0" allow="accelerometer; autoplay; clipboard-write; encrypted-media; gyroscope; picture-in-picture; web-share" referrerpolicy="strict-origin-when-cross-origin" allowfullscreen></iframe>
</div></figure>
</div>
</div>



<div>
<div>
<div>
<h4 class="gb-text gb-text-e3172eba">&#8211; 5 juillet à 18h00 &#8211; </h4>
</div>



<h6 class="gb-text"><strong>Un film culte au cœur du monde de la mode</strong></h6>
</div>



<div>
<p class="gb-text">Plongez dans l’univers glamour et exigeant de The Devil Wears Prada et découvrez les coulisses fascinantes de l’industrie de la mode. Sorti en 2006, ce film est rapidement devenu une référence incontournable, mêlant élégance, humour et critique du milieu professionnel.<br>Entre défilés, exigences extrêmes et ambition débordante, cette œuvre iconique offre un regard captivant sur un univers aussi séduisant qu’impitoyable.</p>



<div>
<h6 class="gb-text">L’histoire en quelques mots</h6>



<div>
<p class="gb-text">Le film suit Andy Sachs, une jeune journaliste qui décroche un poste d’assistante auprès de la redoutable rédactrice en chef Miranda Priestly. Plongée dans un monde qu’elle ne connaît pas, Andy doit s’adapter à un rythme intense et à des attentes démesurées. Entre pression professionnelle et quête d’identité, elle va peu à peu évoluer et remettre en question ses priorités.<br>Une immersion passionnante dans les coulisses d’un magazine de mode de renom.</p>



<div>
<h6 class="gb-text">&nbsp;Pourquoi ce film au festival ?</h6>



<div>
<p class="gb-text">Parce que&nbsp;<em>The Devil Wears Prada</em>&nbsp;est bien plus qu’un film sur la mode : c’est une œuvre générationnelle.<br>Avec ses répliques cultes, ses personnages marquants et son esthétique soignée, il a profondément marqué les années 2000 et continue d’inspirer aujourd’hui. Projeté lors du festival&nbsp;<em>Back to the 2000s</em>, ce film promet un moment de plaisir, de style et de nostalgie. Un incontournable pour tous les amateurs de mode et de cinéma !</p>
</div>
</div>
</div>
</div>
</div>
</div>
</div>
</div>
</div>

<p>Devil Wears Prada &#8211; 5 juillet à 18h00 &#8211; Un film culte au cœur du monde de la mode Plongez dans l’univers glamour et exigeant de The Devil Wears Prada et découvrez les coulisses fascinantes de l’industrie de la mode. Sorti en 2006, ce film est rapidement devenu une référence incontournable, mêlant élégance, humour et &#8230; <a title="Devil Wears Prada" class="read-more" href="https://etudiant17.webuco.fr/index.php/devil-wears-prada/" aria-label="Read more about Devil Wears Prada">Read more</a></p>
